e of i**3/6 + i**2/2 - 14*i - 12. Let l(t) be the first derivative of u(t). Give l(-6).
-5
Let b = -103 - -106. Let t(p) = b*p + 141 - 69 - 70. Suppose 0 = -0*k + 2*k - 8. Calculate t(k).
14
Let s(x) = x + 8. Suppose -p = -0*v - v - 4, -3*p = 3*v - 12. Suppose 2*w + 5*i + 2 = 0, 0 = -3*w - w - p*i - 16. What is s(w)?
2
Let t(m) = -m**2 + 7*m + 13. Let z(l) = 13*l**2 + 38*l + 5. Let j be z(-3). What is t(j)?
5
Let q(c) be the first derivative of c**5/60 - 7*c**4/24 - 5*c**3/6 + 3*c**2/2 + 6. Let h(d) be the second derivative of q(d). What is h(6)?
-11
Let j(u) = -u**2 - 4*u. Let o(g) = -g**2 - 3*g + 1. Let w(x) = 4*j(x) - 3*o(x). Let m be w(-6). Let t be 0 + (1 - m) - -5. Let c(z) = -2*z - 2. Determine c(t).
-8
Let b(g) be the third derivative of g**5/60 + g**4/6 - g**3/2 + 7*g**2. Let k(t) = t**3 + 5*t**2 + 6*t + 4. Let i be k(-4). Determine b(i).
-3
Let w(g) = -2*g**2 + 5*g - 1. Suppose 28 = -4*h - 2*v, 3*h + 9 = 4*v - 1. Suppose 4*r - 11 - 29 = 0. Let m = r + h. Calculate w(m).
-13
Let j(f) = -f**3 + 7*f**2 - 2*f + 12. Suppose m = 2 - 4, -a = 5*m + 3. Calculate j(a).
-2
Let k(j) = -2*j**3 + 2*j**2 + 4*j - 3. Let y(t) = -t**3 + t**2 + t - 1. Let p(r) = k(r) - 4*y(r). Let u be (-2 + 0)*(-10 + (-105)/(-10)). Calculate p(u).
-3
Let l(t) = t**3 + 7*t**2 + 2*t + 8. Let z(k) = 6*k. Let y be z(-4). Let p be y/20*10/(-3). Suppose -3*v - 2*n = 21, -p*v + 0*v - 5*n - 28 = 0. Give l(v).
-6
Let d(f) = -f - 5. Let y be d(-18). Let m(i) = y*i - 5 - 7*i + 3 + 3. Let u be ((2 - 2) + -1)/1. Give m(u).
-5
Let m(l) = -l**3 + 2*l**2 - 3*l + 42. Let s be m(4). Let q(d) = -7*d**2 - 3*d - 3. Calculate q(s).
-25
Let n(x) = x**2 - 4*x + 4. Let c be n(4). Suppose 13*k = 14*k - 2. Let a(v) = v. Let s(o) = -o + 5. Let y(w) = k*a(w) - s(w). Determine y(c).
7
Let q(z) = 4 + 4*z**2 + 20*z - 3*z**2 - 31*z. Suppose -2*d + 2*s = -4, -3*d + 4*s + s - 4 = 0. Give q(d).
-24
Let h(q) = -6*q + 3. Let d(s) = -22*s**3 - s - 2. Let v be d(-1). Let o be (7/v)/(1/(-9)). Calculate h(o).
21
Let k(w) = -10*w - 14*w**2 - 5*w**2 + w**3 - 2*w**3 + 12*w**2 + 4. What is k(-5)?
4
Let l(k) = k**2. Let z(g) = -5*g**2 - 4*g - 2. Let w(t) = -6*l(t) - z(t). Suppose -2*a + 5 = 3*a. Suppose 3*j = 8 + a. Determine w(j).
5
Let b(a) = -2*a**2 - 9*a - 9. Let s(m) = -3*m**2 - 14*m - 13. Let f(r) = -7*b(r) + 5*s(r). Suppose 4*d + 24 = -4*g, 0 = -4*g + 6*g. Calculate f(d).
4
Let d(g) = g**2 - 5*g - 4. Suppose -p - 3*p = -2*u - 12, 5*u + 30 = 4*p. Let b = 9 + u. Determine d(b).
-10
Let s be (-12)/(-2) + 2/(-2). Let h(v) = -9*v**3 + v - 1. Let y(i) = -46*i**3 + 4*i**2 + 11*i - 4. Let m(o) = -5*h(o) + y(o). Determine m(s).
6
Suppose z + 5*z = 264. Let d be (-68)/11 + 8/z. Let m(x) = 2*x + 4. What is m(d)?
-8
Let v be ((-44)/(-55))/((-2)/40). Let t be (0 + 12/(-15))*5. Let c be 4 - (v/t + -1). Let q(j) = -14*j**3 + j - 1. What is q(c)?
-14
Let u(q) = 11*q. Let k(x) be the third derivative of x**6/120 - x**5/10 + x**4/4 - x**3 - 21*x**2. Let p be k(5). Give u(p).
-11
Let m be ((-3)/2)/(1/2). Let y(q) = -26*q - 6. Let p(c) = -15*c - 4. Let u(n) = -5*p(n) + 3*y(n). Determine u(m).
11
Let k(t) = -10*t + 244. Let r be k(25). Let x(m) = 3*m**2 + 1 - 2*m**2 + 6*m + 2. Give x(r).
3
Suppose 4*i - 14 = 5*s - 2*s, 2*s = i - 6. Let a(w) = 2*w - 3*w + 1 + i*w. Calculate a(6).
7
Let s(a) = a**2 + 5*a - 5. Let i(h) = 6*h**3 + 2*h**2 + 11*h + 1. Let l(o) = -o**3 + o**2 - o + 1. Let c(t) = -i(t) - 5*l(t). Let z be c(-6). Give s(z).
1
Let l(q) = -9*q + 2. Let v(y) = 2*y - 1. Let s(p) = -l(p) - 3*v(p). Suppose -3*i - 8 = -65. Let o = -13 + i. Determine s(o).
19
Let c(z) be the third derivative of -z**6/120 + z**5/12 + z**4/8 + 4*z**3 - 34*z**2 + 2*z. Calculate c(6).
6
Let l(s) = -s**3 + 8*s**2 + 9*s - 1. Let j be l(9). Let v be (-1)/2 - j*(-3)/(-2). Let b(i) be the first derivative of 3*i**3 + i - 1. Calculate b(v).
10
Let h(x) be the first derivative of x**2/2 - x + 4. Calculate h(-4).
-5
Let m(q) be the second derivative of -1/12*q**4 + 3/10*q**5 + 37*q + 1/3*q**3 - 1/2*q**2 + 0. Determine m(1).
6
Let b(v) = v**3 - v**2 - 22. Let j(l) = l**3 - 3*l + 2. Let g be j(-2). Calculate b(g).
-22
Let n(d) be the third derivative of d**6/120 + d**5/60 - d**4/8 + d**3/6 - 4*d**2 + 18*d. Determine n(1).
0
Let o = 2116 + -2124. Let a(y) = 5*y. What is a(o)?
-40
Let h = 1 + 2. Let q(o) = -1. Suppose 0 = 3*z - 0*z - 18. Let t(r) = -r + 3. Let c(n) = z*q(n) + 2*t(n). Give c(h).
-6
Let l(z) = 9*z + 7. Let r(n) = n + 1. Let g(j) = l(j) - 6*r(j). Let o(a) = -a**3 + 8*a**2 - 11*a. Let i be o(2). Determine g(i).
7
Let v(u) be the second derivative of u**4/12 - u**3 + 9*u**2/2 + 349*u. Give v(7).
16
Let l(q) = 0*q**3 - 2*q**2 + 1 + q**2 + 31 + q**3. Let b be 2/(-5) + (-44)/(-110). Determine l(b).
32
Let z = -23 + 25. Let u(n) = 3*n + 3 - 3*n + 4*n**2 - 4*n - 5*n**z. Calculate u(-5).
-2
Let a(s) = 7 + 10*s**3 - 20*s**3 + 6*s**2 + 8*s - 3*s + 9*s**3. Suppose -6*b + 35 = -b. Determine a(b).
-7
Suppose 0 = -5*l + 11*l - 6. Let c(s) = 24*s**3 - s**2 + 2*s - 1. Give c(l).
24
Let p(f) = 3*f**2 - 2*f - 1. Let a = 118 - 119. What is p(a)?
4
Let y(s) = 0*s**2 + 3 + 5*s**2 + 0 - 6*s**2 - 4 - 9*s. Give y(-5).
19
Let d = -5 - -13. Let h(m) = 3*m**2 - d - 3*m**2 - 4*m + m**2 + 2. Give h(5).
-1
Let c(u) = u**3 + 6*u**2 - 8*u - 6. Let q be c(-7). Let h(k) be the first derivative of 9*k**2 + k + 277. Give h(q).
19
Let f(d) = -d + 6. Let q(c) = -3*c + 17. Let p(o) = -17*f(o) + 6*q(o). Give p(-1).
1
Let a(d) be the first derivative of -1/60*d**5 + 0*d**2 - d**3 + 4 + 0*d + 1/3*d**4. Let z(k) be the third derivative of a(k). Calculate z(6).
-4
Suppose 3*m - 4*b + 2 = -0, m = -b + 4. Let o(d) be the second derivative of -d**2 - 1/12*d**4 + 1/3*d**3 - 36*d + 0. Calculate o(m).
-2
Let c(j) = j**3 + 6*j**2 + 5*j + 3. Let y(x) be the second derivative of -x**4/12 + 21*x**2/2 + 4*x. Let h be y(0). Let l = 16 - h. Determine c(l).
3
Let z(g) = -g**2 - 11*g - 13. Let y(k) = 2*k**2 + 24*k + 26. Let f(u) = -3*y(u) - 5*z(u). What is f(-16)?
3
Suppose -5 = -7*j + 9. Let c(h) = 5 + 4*h**2 - h - 6 - 5*h**j. What is c(0)?
-1
Let l(k) = -1. Let x(i) = -i - 2. Let o(d) = 6*l(d) - x(d). Let r(a) = a**3 - 14*a**2 - a + 17. Let p be r(14). Give o(p).
-1
Let p(h) = -h**3 - 2*h**2 - 2*h + 2. Let g be p(-2). Suppose -4*o + 10 = -g. Let c(j) = 1 - 6 + 6*j + j**3 + 2 - 5*j**2. What is c(o)?
5
Let t(l) = -l**2. Let x(q) = 5*q**2 + 1 + 2*q**2 + 4*q**2 + q + 0*q**2. Let d be (2 + -3)/(2 - 1). Let c(m) = d*x(m) - 5*t(m). Give c(-1).
-6
Let n(v) = -3*v**2 - 15*v - 16. Suppose 5 = -0*j + j. Let t(s) = s**2 + 7*s + 8. Let f be 1*-6 + 2 + 6. Let w(q) = f*n(q) + j*t(q). What is w(6)?
2
Let z(f) = -f**3 + 9*f**2 - 7*f + 6. Let c be ((-12)/(-12))/((-1)/(-8) + 0). Determine z(c).
14
Let q(g) be the third derivative of -5/6*g**3 + 4*g**2 + 0*g + 0 + 1/24*g**4. Let a be ((-10)/8)/((-2)/(-8)). Determine q(a).
-10
Let y be 4/(-20) + (-32)/(-10). Suppose 2*l - 18 = -2*o, -2*l + 3*o = -2*o + y. Let u(z) = 13*z**3 + 6*z**2 + 2 - 27*z**3 + 13*z**3. What is u(l)?
2
Let g(w) = 3*w + 2. Let j = 21 - 17. Suppose j*o = 3*o + 4, -3*y - 3*o = 0. Calculate g(y).
-10
Suppose 0 = n + 2*n + 4*k + 35, k + 10 = -n. Let w be (6/n - -2)/(2/(-10)). Let q(o) be the first derivative of o**2/2 - 2*o - 1. Calculate q(w).
-6
Let f = 38 + -52. Let r be ((-20)/f)/((-13)/(-91)). Let m(i) = i - 7. Calculate m(r).
3
Let c(z) = z**2 + 2*z - 1. Suppose -5*p - 38 - 37 = 0. Let d = p + 11. Determine c(d).
7
Let p be 4/(2*9/(-54)). Let d(k) = -k**2 - 11*k - 14. Determine d(p).
-26
Let o(n) = -12*n + 19*n - 5*n - 15. Give o(7).
-1
Let f(j) = j**3 + 3*j**2 - 3*j - 2. Let k be f(-3). Suppose 12 = k*v - v. Let b(h) be the first derivative of h**3 - h**2 - 3. Give b(v).
8
Let o(s) = -79*s**2 + s. Let c(q) = -q**3 - 11*q**2 + 29*q + 40. Let p be c(-13). What is o(p)?
-78
Let c(g) = -g + 0*g**2 - 2*g + g**2. Let i(f) = -f + 1. Let y(t) = -c(t) + 3*i(t). Suppose 2*n - 90 + 96 = 0. Calculate y(n).
-6
Let u(c) = -c**3 + 13*c**2 - c + 13. Let g be u(13). Let l(v) = -2*v + 8 + g - 5. Calculate l(3).
-3
Suppose 3*h = 3*v + 4 + 14, h - 3*v - 14 = 0. Let u(b) = -h*b + 7*b + b - 3. Let p = 278 + -276. Determine u(p).
9
Let m(l) = -4*l + 3. Let d = -174 - -174. Suppose d = 5*r + r - 18. Determine m(r).
-9
Let d(p) = p. Let h(s) = 2*s - 8. Let b(r) = -3*d(r)